{"id":350,"date":"2020-05-14T12:13:06","date_gmt":"2020-05-14T10:13:06","guid":{"rendered":"http:\/\/lds-avocat.fr\/?page_id=350"},"modified":"2020-05-15T16:53:21","modified_gmt":"2020-05-15T14:53:21","slug":"nos-competences","status":"publish","type":"page","link":"http:\/\/lds-avocat.fr\/?page_id=350","title":{"rendered":"Notre accompagnement"},"content":{"rendered":"\t\t<div data-elementor-type=\"wp-page\" data-elementor-id=\"350\" class=\"elementor elementor-350\">\n\t\t\t\t\t\t<div class=\"elementor-inner\">\n\t\t\t\t<div class=\"elementor-section-wrap\">\n\t\t\t\t\t\t\t\t\t<section class=\"elementor-section elementor-top-section elementor-element elementor-element-60feb84 elementor-section-boxed elementor-section-height-default elementor-section-height-default\" data-id=\"60feb84\" data-element_type=\"section\">\n\t\t\t\t\t\t<div class=\"elementor-container elementor-column-gap-default\">\n\t\t\t\t\t\t\t<div class=\"elementor-row\">\n\t\t\t\t\t<div class=\"elementor-column elementor-col-100 elementor-top-column elementor-element elementor-element-acdf732\" data-id=\"acdf732\" data-element_type=\"column\">\n\t\t\t<div class=\"elementor-column-wrap elementor-element-populated\">\n\t\t\t\t\t\t\t<div class=\"elementor-widget-wrap\">\n\t\t\t\t\t\t<div class=\"elementor-element elementor-element-90ec0ab elementor-widget elementor-widget-image\" data-id=\"90ec0ab\" data-element_type=\"widget\" data-widget_type=\"image.default\">\n\t\t\t\t<div class=\"elementor-widget-container\">\n\t\t\t\t\t\t\t\t<div class=\"elementor-image\">\n\t\t\t\t\t\t\t\t\t\t\t\t<img loading=\"lazy\" decoding=\"async\" width=\"200\" height=\"139\" src=\"http:\/\/lds-avocat.fr\/wp-content\/uploads\/2020\/05\/Capture-e1588844692398.png\" class=\"attachment-large size-large wp-image-311\" alt=\"ic\u00f4ne\" sizes=\"auto, 100vw\" \/>\t\t\t\t\t\t\t\t\t\t\t\t\t\t<\/div>\n\t\t\t\t\t\t<\/div>\n\t\t\t\t<\/div>\n\t\t\t\t\t\t<\/div>\n\t\t\t\t\t<\/div>\n\t\t<\/div>\n\t\t\t\t\t\t\t\t<\/div>\n\t\t\t\t\t<\/div>\n\t\t<\/section>\n\t\t\t\t<section class=\"elementor-section elementor-top-section elementor-element elementor-element-bca3e14 elementor-section-boxed elementor-section-height-default elementor-section-height-default\" data-id=\"bca3e14\" data-element_type=\"section\">\n\t\t\t\t\t\t<div class=\"elementor-container elementor-column-gap-default\">\n\t\t\t\t\t\t\t<div class=\"elementor-row\">\n\t\t\t\t\t<div class=\"elementor-column elementor-col-100 elementor-top-column elementor-element elementor-element-74c81e3\" data-id=\"74c81e3\" data-element_type=\"column\">\n\t\t\t<div class=\"elementor-column-wrap elementor-element-populated\">\n\t\t\t\t\t\t\t<div class=\"elementor-widget-wrap\">\n\t\t\t\t\t\t<div class=\"elementor-element elementor-element-e39d945 elementor-widget elementor-widget-spacer\" data-id=\"e39d945\" data-element_type=\"widget\" data-widget_type=\"spacer.default\">\n\t\t\t\t<div class=\"elementor-widget-container\">\n\t\t\t\t\t<div class=\"elementor-spacer\">\n\t\t\t<div class=\"elementor-spacer-inner\"><\/div>\n\t\t<\/div>\n\t\t\t\t<\/div>\n\t\t\t\t<\/div>\n\t\t\t\t<div class=\"elementor-element elementor-element-1964520e elementor-widget elementor-widget-text-editor\" data-id=\"1964520e\" data-element_type=\"widget\" data-widget_type=\"text-editor.default\">\n\t\t\t\t<div class=\"elementor-widget-container\">\n\t\t\t\t\t\t\t\t<div class=\"elementor-text-editor elementor-clearfix\">\n\t\t\t\t<!-- wp:paragraph -->\n<p>Notre cabinet est comp\u00e9tent pour vous accompagner dans la r\u00e9solution de toutes vos probl\u00e9matiques li\u00e9es au droit du travail, dans le cadre de missions de conseil (consultations juridiques pour les entreprises, les particuliers) et de dossiers contentieux devant les juridictions de premier et de second degr\u00e9.<\/p>\n<!-- \/wp:paragraph -->\n\n<!-- wp:paragraph -->\n<p>Outre l&rsquo;activit\u00e9 de conseil et de contentieux, nous partageons notre expertise en droit social dans le cadre de formations \u00e0 destination des entreprises (dirigeants, services RH) et cabinets d&rsquo;expertise comptable (gestionnaires de paie&#8230;). <\/p>\n<!-- \/wp:paragraph -->\t\t\t\t\t<\/div>\n\t\t\t\t\t\t<\/div>\n\t\t\t\t<\/div>\n\t\t\t\t\t\t<\/div>\n\t\t\t\t\t<\/div>\n\t\t<\/div>\n\t\t\t\t\t\t\t\t<\/div>\n\t\t\t\t\t<\/div>\n\t\t<\/section>\n\t\t\t\t\t\t\t\t\t<\/div>\n\t\t\t<\/div>\n\t\t\t\t\t<\/div>\n\t\t","protected":false},"excerpt":{"rendered":"<p>Notre cabinet est comp\u00e9tent pour vous accompagner dans la r\u00e9solution de toutes vos probl\u00e9matiques li\u00e9es au droit du travail, dans le cadre de missions de conseil (consultations juridiques pour les entreprises, les particuliers) et de dossiers contentieux devant les juridictions de premier et de second degr\u00e9. Outre l&rsquo;activit\u00e9 de conseil et de contentieux, nous partageons &hellip; <\/p>\n<p class=\"link-more\"><a href=\"http:\/\/lds-avocat.fr\/?page_id=350\" class=\"more-link\">Continuer la lecture<span class=\"screen-reader-text\"> de &laquo;&nbsp;Notre accompagnement&nbsp;&raquo;<\/span><\/a><\/p>\n","protected":false},"author":1,"featured_media":0,"parent":0,"menu_order":0,"comment_status":"closed","ping_status":"closed","template":"","meta":{"footnotes":""},"class_list":["post-350","page","type-page","status-publish","hentry"],"_links":{"self":[{"href":"http:\/\/lds-avocat.fr\/index.php?rest_route=\/wp\/v2\/pages\/350","targetHints":{"allow":["GET"]}}],"collection":[{"href":"http:\/\/lds-avocat.fr\/index.php?rest_route=\/wp\/v2\/pages"}],"about":[{"href":"http:\/\/lds-avocat.fr\/index.php?rest_route=\/wp\/v2\/types\/page"}],"author":[{"embeddable":true,"href":"http:\/\/lds-avocat.fr\/index.php?rest_route=\/wp\/v2\/users\/1"}],"replies":[{"embeddable":true,"href":"http:\/\/lds-avocat.fr\/index.php?rest_route=%2Fwp%2Fv2%2Fcomments&post=350"}],"version-history":[{"count":3,"href":"http:\/\/lds-avocat.fr\/index.php?rest_route=\/wp\/v2\/pages\/350\/revisions"}],"predecessor-version":[{"id":456,"href":"http:\/\/lds-avocat.fr\/index.php?rest_route=\/wp\/v2\/pages\/350\/revisions\/456"}],"wp:attachment":[{"href":"http:\/\/lds-avocat.fr\/index.php?rest_route=%2Fwp%2Fv2%2Fmedia&parent=350"}],"curies":[{"name":"wp","href":"https:\/\/api.w.org\/{rel}","templated":true}]}}